{"id":1433,"date":"2021-08-29T16:25:04","date_gmt":"2021-08-29T13:25:04","guid":{"rendered":"http:\/\/www.adgreatdijital.com\/wp1\/?page_id=1433"},"modified":"2021-08-29T18:13:05","modified_gmt":"2021-08-29T15:13:05","slug":"iletisim","status":"publish","type":"page","link":"http:\/\/www.alibeykoyestetik.com\/index.php\/iletisim\/","title":{"rendered":"\u0130LET\u0130\u015e\u0130M"},"content":{"rendered":"\n<h2 class=\"has-text-align-center\">\u0130LET\u0130\u015e\u0130M<\/h2>\n\n\n\n<div class=\"wp-block-group\"><div class=\"wp-block-group__inner-container\">\n<div class=\"wp-block-columns\">\n<div class=\"wp-block-column\">\n<h2><strong>Adres : <\/strong><\/h2>\n\n\n\n<p>Karadolap Mh, Ne\u015feli Sk No:22, 34170 Ey\u00fcp\/\u0130stanbul<\/p>\n\n\n\n<p>(Alibey Hospital Yan\u0131)<\/p>\n\n\n\n<h2><strong>Telefon:<\/strong><\/h2>\n\n\n\n<p>0507 984 81 11<\/p>\n\n\n\n<h2><strong>E-posta :<\/strong><\/h2>\n\n\n\n<p><a href=\"mailto:info@alibeykoyestetik.com\" target=\"_blank\" rel=\"noreferrer noopener\">info@alibeykoyestetik.com<\/a><\/p>\n<\/div>\n\n\n\n<div class=\"wp-block-column\">\n<h2><div class=\"wpforms-container wpforms-container-full\" id=\"wpforms-1447\"><form id=\"wpforms-form-1447\" class=\"wpforms-validate wpforms-form wpforms-ajax-form\" data-formid=\"1447\" method=\"post\" enctype=\"multipart\/form-data\" action=\"\/index.php\/wp-json\/wp\/v2\/pages\/1433\" data-token=\"be528463c53844429128649244109130\"><noscript class=\"wpforms-error-noscript\">Please enable JavaScript in your browser to complete this form.<\/noscript><div class=\"wpforms-field-container\"><div id=\"wpforms-1447-field_0-container\" class=\"wpforms-field wpforms-field-name\" data-field-id=\"0\"><label class=\"wpforms-field-label\" for=\"wpforms-1447-field_0\">\u0130sminiz <span class=\"wpforms-required-label\">*<\/span><\/label><input type=\"text\" id=\"wpforms-1447-field_0\" class=\"wpforms-field-medium wpforms-field-required\" name=\"wpforms[fields][0]\" required><\/div><div id=\"wpforms-1447-field_1-container\" class=\"wpforms-field wpforms-field-email\" data-field-id=\"1\"><label class=\"wpforms-field-label\" for=\"wpforms-1447-field_1\">E-posta adresiniz <span class=\"wpforms-required-label\">*<\/span><\/label><input type=\"email\" id=\"wpforms-1447-field_1\" class=\"wpforms-field-medium wpforms-field-required\" name=\"wpforms[fields][1]\" required><\/div><div id=\"wpforms-1447-field_2-container\" class=\"wpforms-field wpforms-field-textarea\" data-field-id=\"2\"><label class=\"wpforms-field-label\" for=\"wpforms-1447-field_2\">Mesaj\u0131n\u0131z <span class=\"wpforms-required-label\">*<\/span><\/label><textarea id=\"wpforms-1447-field_2\" class=\"wpforms-field-medium wpforms-field-required\" name=\"wpforms[fields][2]\" required><\/textarea><\/div><\/div><div class=\"wpforms-submit-container\"><input type=\"hidden\" name=\"wpforms[id]\" value=\"1447\"><input type=\"hidden\" name=\"wpforms[author]\" value=\"1\"><button type=\"submit\" name=\"wpforms[submit]\" id=\"wpforms-submit-1447\" class=\"wpforms-submit\" data-alt-text=\"G\u00f6nderiliyor...\" data-submit-text=\"G\u00f6nder\" aria-live=\"assertive\" value=\"wpforms-submit\">G\u00f6nder<\/button><img src=\"http:\/\/www.alibeykoyestetik.com\/wp-content\/plugins\/wpforms-lite\/assets\/images\/submit-spin.svg\" class=\"wpforms-submit-spinner\" style=\"display: none;\" width=\"26\" height=\"26\" alt=\"\"><\/div><\/form><\/div>  <!-- .wpforms-container --><\/h2>\n<\/div>\n<\/div>\n<\/div><\/div>\n","protected":false},"excerpt":{"rendered":"<p>\u0130LET\u0130\u015e\u0130M Adres : Karadolap Mh, Ne\u015feli Sk No:22, 34170 Ey\u00fcp\/\u0130stanbul (Alibey Hospital Yan\u0131) Telefon: 0507 984 81 11 E-posta : info@alibeykoyestetik.com<\/p>\n","protected":false},"author":1,"featured_media":0,"parent":0,"menu_order":0,"comment_status":"closed","ping_status":"closed","template":"page-fullwidth.php","meta":[],"yoast_head":"<!-- This site is optimized with the Yoast SEO plugin v18.6 - https:\/\/yoast.com\/wordpress\/plugins\/seo\/ -->\n<title>\u0130LET\u0130\u015e\u0130M - Alibeyk\u00f6y Estetik<\/title>\n<meta name=\"robots\" content=\"index, follow, max-snippet:-1, max-image-preview:large, max-video-preview:-1\" \/>\n<link rel=\"canonical\" href=\"http:\/\/www.alibeykoyestetik.com\/index.php\/iletisim\/\" \/>\n<meta property=\"og:locale\" content=\"tr_TR\" \/>\n<meta property=\"og:type\" content=\"article\" \/>\n<meta property=\"og:title\" content=\"\u0130LET\u0130\u015e\u0130M - Alibeyk\u00f6y Estetik\" \/>\n<meta property=\"og:description\" content=\"\u0130LET\u0130\u015e\u0130M Adres : Karadolap Mh, Ne\u015feli Sk No:22, 34170 Ey\u00fcp\/\u0130stanbul (Alibey Hospital Yan\u0131) Telefon: 0507 984 81 11 E-posta : info@alibeykoyestetik.com\" \/>\n<meta property=\"og:url\" content=\"http:\/\/www.alibeykoyestetik.com\/index.php\/iletisim\/\" \/>\n<meta property=\"og:site_name\" content=\"Alibeyk\u00f6y Estetik\" \/>\n<meta property=\"article:modified_time\" content=\"2021-08-29T15:13:05+00:00\" \/>\n<meta name=\"twitter:card\" content=\"summary_large_image\" \/>\n<script type=\"application\/ld+json\" class=\"yoast-schema-graph\">{\"@context\":\"https:\/\/schema.org\",\"@graph\":[{\"@type\":\"WebSite\",\"@id\":\"http:\/\/www.alibeykoyestetik.com\/#website\",\"url\":\"http:\/\/www.alibeykoyestetik.com\/\",\"name\":\"Alibeyk\u00f6y Estetik\",\"description\":\"\",\"potentialAction\":[{\"@type\":\"SearchAction\",\"target\":{\"@type\":\"EntryPoint\",\"urlTemplate\":\"http:\/\/www.alibeykoyestetik.com\/?s={search_term_string}\"},\"query-input\":\"required name=search_term_string\"}],\"inLanguage\":\"tr\"},{\"@type\":\"WebPage\",\"@id\":\"http:\/\/www.alibeykoyestetik.com\/index.php\/iletisim\/#webpage\",\"url\":\"http:\/\/www.alibeykoyestetik.com\/index.php\/iletisim\/\",\"name\":\"\u0130LET\u0130\u015e\u0130M - Alibeyk\u00f6y Estetik\",\"isPartOf\":{\"@id\":\"http:\/\/www.alibeykoyestetik.com\/#website\"},\"datePublished\":\"2021-08-29T13:25:04+00:00\",\"dateModified\":\"2021-08-29T15:13:05+00:00\",\"breadcrumb\":{\"@id\":\"http:\/\/www.alibeykoyestetik.com\/index.php\/iletisim\/#breadcrumb\"},\"inLanguage\":\"tr\",\"potentialAction\":[{\"@type\":\"ReadAction\",\"target\":[\"http:\/\/www.alibeykoyestetik.com\/index.php\/iletisim\/\"]}]},{\"@type\":\"BreadcrumbList\",\"@id\":\"http:\/\/www.alibeykoyestetik.com\/index.php\/iletisim\/#breadcrumb\",\"itemListElement\":[{\"@type\":\"ListItem\",\"position\":1,\"name\":\"Anasayfa\",\"item\":\"http:\/\/www.alibeykoyestetik.com\/\"},{\"@type\":\"ListItem\",\"position\":2,\"name\":\"\u0130LET\u0130\u015e\u0130M\"}]}]}<\/script>\n<!-- \/ Yoast SEO plugin. -->","yoast_head_json":{"title":"\u0130LET\u0130\u015e\u0130M - Alibeyk\u00f6y Estetik","robots":{"index":"index","follow":"follow","max-snippet":"max-snippet:-1","max-image-preview":"max-image-preview:large","max-video-preview":"max-video-preview:-1"},"canonical":"http:\/\/www.alibeykoyestetik.com\/index.php\/iletisim\/","og_locale":"tr_TR","og_type":"article","og_title":"\u0130LET\u0130\u015e\u0130M - Alibeyk\u00f6y Estetik","og_description":"\u0130LET\u0130\u015e\u0130M Adres : Karadolap Mh, Ne\u015feli Sk No:22, 34170 Ey\u00fcp\/\u0130stanbul (Alibey Hospital Yan\u0131) Telefon: 0507 984 81 11 E-posta : info@alibeykoyestetik.com","og_url":"http:\/\/www.alibeykoyestetik.com\/index.php\/iletisim\/","og_site_name":"Alibeyk\u00f6y Estetik","article_modified_time":"2021-08-29T15:13:05+00:00","twitter_card":"summary_large_image","schema":{"@context":"https:\/\/schema.org","@graph":[{"@type":"WebSite","@id":"http:\/\/www.alibeykoyestetik.com\/#website","url":"http:\/\/www.alibeykoyestetik.com\/","name":"Alibeyk\u00f6y Estetik","description":"","potentialAction":[{"@type":"SearchAction","target":{"@type":"EntryPoint","urlTemplate":"http:\/\/www.alibeykoyestetik.com\/?s={search_term_string}"},"query-input":"required name=search_term_string"}],"inLanguage":"tr"},{"@type":"WebPage","@id":"http:\/\/www.alibeykoyestetik.com\/index.php\/iletisim\/#webpage","url":"http:\/\/www.alibeykoyestetik.com\/index.php\/iletisim\/","name":"\u0130LET\u0130\u015e\u0130M - Alibeyk\u00f6y Estetik","isPartOf":{"@id":"http:\/\/www.alibeykoyestetik.com\/#website"},"datePublished":"2021-08-29T13:25:04+00:00","dateModified":"2021-08-29T15:13:05+00:00","breadcrumb":{"@id":"http:\/\/www.alibeykoyestetik.com\/index.php\/iletisim\/#breadcrumb"},"inLanguage":"tr","potentialAction":[{"@type":"ReadAction","target":["http:\/\/www.alibeykoyestetik.com\/index.php\/iletisim\/"]}]},{"@type":"BreadcrumbList","@id":"http:\/\/www.alibeykoyestetik.com\/index.php\/iletisim\/#breadcrumb","itemListElement":[{"@type":"ListItem","position":1,"name":"Anasayfa","item":"http:\/\/www.alibeykoyestetik.com\/"},{"@type":"ListItem","position":2,"name":"\u0130LET\u0130\u015e\u0130M"}]}]}},"_links":{"self":[{"href":"http:\/\/www.alibeykoyestetik.com\/index.php\/wp-json\/wp\/v2\/pages\/1433"}],"collection":[{"href":"http:\/\/www.alibeykoyestetik.com\/index.php\/wp-json\/wp\/v2\/pages"}],"about":[{"href":"http:\/\/www.alibeykoyestetik.com\/index.php\/wp-json\/wp\/v2\/types\/page"}],"author":[{"embeddable":true,"href":"http:\/\/www.alibeykoyestetik.com\/index.php\/wp-json\/wp\/v2\/users\/1"}],"replies":[{"embeddable":true,"href":"http:\/\/www.alibeykoyestetik.com\/index.php\/wp-json\/wp\/v2\/comments?post=1433"}],"version-history":[{"count":10,"href":"http:\/\/www.alibeykoyestetik.com\/index.php\/wp-json\/wp\/v2\/pages\/1433\/revisions"}],"predecessor-version":[{"id":1491,"href":"http:\/\/www.alibeykoyestetik.com\/index.php\/wp-json\/wp\/v2\/pages\/1433\/revisions\/1491"}],"wp:attachment":[{"href":"http:\/\/www.alibeykoyestetik.com\/index.php\/wp-json\/wp\/v2\/media?parent=1433"}],"curies":[{"name":"wp","href":"https:\/\/api.w.org\/{rel}","templated":true}]}}